{"id":9490,"date":"2024-06-20T14:50:19","date_gmt":"2024-06-20T12:50:19","guid":{"rendered":"https:\/\/%20testpharmacieguillaume.mimaandcs.be\/?page_id=9490"},"modified":"2024-09-17T13:55:55","modified_gmt":"2024-09-17T11:55:55","slug":"numeros-durgence","status":"publish","type":"page","link":"https:\/\/www.pharmacie-guillaume.be\/index.php\/infos-pratiques\/numeros-durgence\/","title":{"rendered":"Num\u00e9ros d&#8217;urgence"},"content":{"rendered":"<div id=\"pl-9490\"  class=\"panel-layout\" ><div id=\"pg-9490-0\"  class=\"panel-grid panel-no-style\" ><div id=\"pgc-9490-0-0\"  class=\"panel-grid-cell\" ><div id=\"panel-9490-0-0-0\" class=\"so-panel widget widget_sow-editor panel-first-child panel-last-child\" data-index=\"0\" ><div\n\t\t\t\n\t\t\tclass=\"so-widget-sow-editor so-widget-sow-editor-base\"\n\t\t\t\n\t\t>\n<div class=\"siteorigin-widget-tinymce textwidget\">\n\t<p style=\"font-weight: 400;\"><span style=\"color: #3366ff;\"><span style=\"font-size: 18px;\"><strong>M\u00e9decins et services de garde<\/strong><\/span> <\/span><\/p>\n<p style=\"font-weight: 400;\"><span style=\"font-size: 16px;\">Si vous avez besoin d\u2019une <strong><u>aide m\u00e9dicale le weekend et les jours f\u00e9ri\u00e9s<\/u><\/strong> et que vos probl\u00e8mes m\u00e9dicaux ne peuvent pas attendre une consultation chez votre m\u00e9decin :<\/span><br \/>\n<span style=\"color: #339966; font-size: 16px;\"> <span class=\"q9uorilb tbxw36s4 knj5qynh kvgmc6g5 ditlmg2l oygrvhab nvdbi5me fgm26odu gl3lb2sf hhz5lgdu\"><img loading=\"lazy\" decoding=\"async\" src=\"https:\/\/static.xx.fbcdn.net\/images\/emoji.php\/v9\/t22\/1\/16\/260e.png\" alt=\"\u260e\ufe0f\" width=\"16\" height=\"16\" \/><\/span>\u00a0<span style=\"color: #000000;\"><strong>1733<\/strong><\/span><\/span><\/p>\n<p style=\"font-weight: 400;\"><span style=\"font-size: 16px;\">Vous y trouverez \u00e9galement les coordonn\u00e9es des m\u00e9decins g\u00e9n\u00e9ralistes de garde dans votre secteur.<\/span><\/p>\n<p style=\"font-weight: 400;\"><span style=\"font-size: 16px;\"><u>Garde de <strong>JOUR<\/strong> les\u00a0<strong>week-ends et jours f\u00e9ri\u00e9s<\/strong><\/u> de 8h \u00e0 20h :<\/span><\/p>\n<ul>\n<li><span style=\"font-size: 16px;\">Poste de garde de m\u00e9decine g\u00e9n\u00e9rale \u00e0 <strong>l\u2019H\u00f4pital de Tubize<\/strong> (Groupe Jolimont) - Av. de Scandiano 8, 1480 Tubize<\/span><br \/>\n<span style=\"font-size: 16px;\">Prise de rendez-vous : <img loading=\"lazy\" decoding=\"async\" src=\"https:\/\/static.xx.fbcdn.net\/images\/emoji.php\/v9\/t22\/1\/16\/260e.png\" alt=\"\u260e\ufe0f\" width=\"16\" height=\"16\" \/> via le <strong>1733<\/strong><\/span><\/li>\n<li><span style=\"font-size: 16px;\"><strong>P\u00e9diatres<\/strong> de garde\u00a0sur Braine-l'Alleud - Waterloo \u2013 Lasne - Rhode-Saint-Gen\u00e8se\u00a0: <a href=\"https:\/\/www.premierage.be\/\">https:\/\/www.premierage.be\/<\/a><\/span><\/li>\n<\/ul>\n<p style=\"font-weight: 400;\"><span style=\"color: #000000; font-size: 16px;\"><u>Garde de\u00a0<strong>NUIT<\/strong><\/u>\u00a0du lundi au vendredi de 22h00 \u00e0 8h00, <strong>week-ends et jours f\u00e9ri\u00e9s<\/strong> :<\/span><\/p>\n<ul>\n<li><span style=\"font-size: 16px;\">Urgences du <strong>Chirec \u00e0 Braine l'Alleud<\/strong> - Rue Wayez 35, 1420 Braine-l'Alleud<\/span><br \/>\n<span style=\"color: #000000; font-size: 16px;\"><strong><span style=\"color: #339966;\"><img loading=\"lazy\" decoding=\"async\" src=\"https:\/\/static.xx.fbcdn.net\/images\/emoji.php\/v9\/t22\/1\/16\/260e.png\" alt=\"\u260e\ufe0f\" width=\"16\" height=\"16\" \/> <\/span>02\/434 93 22<br \/>\n<\/strong><\/span><\/li>\n<\/ul>\n<p style=\"font-weight: 400;\"><span style=\"font-size: 16px;\"><span style=\"color: #0000ff;\"><strong><span style=\"color: #3366ff;\"><span style=\"font-size: 18px;\">V\u00e9t\u00e9rinaires de garde<\/span><\/span><\/strong><\/span><\/span><\/p>\n<p style=\"font-weight: 400;\"><span style=\"font-size: 16px;\">Animaux de compagnies et <span style=\"color: #339966;\">NACs<\/span>\u00a0\u00a0(24h\/24 \u2013 7j\/7) \u2013 Brabant Wallon et Hainaut<\/span><br \/>\n<span style=\"font-size: 16px;\"><strong> <span style=\"color: #339966;\"><img loading=\"lazy\" decoding=\"async\" src=\"https:\/\/static.xx.fbcdn.net\/images\/emoji.php\/v9\/t22\/1\/16\/260e.png\" alt=\"\u260e\ufe0f\" width=\"16\" height=\"16\" \/> <\/span><\/strong><strong>0497 55 22 55<\/strong>\u00a0<strong>\u2022\u00a0<\/strong><strong>\u00a0<\/strong><a href=\"http:\/\/www.veterinaire-urgence.be\/veterinaire-de-garde-brabant-wallon.htm\">http:\/\/www.veterinaire-urgence.be\/veterinaire-de-garde-brabant-wallon.htm<\/a><\/span><\/p>\n<\/div>\n<\/div><\/div><\/div><\/div><\/div>","protected":false},"excerpt":{"rendered":"<p>M\u00e9decins et services de garde Si vous avez besoin d\u2019une aide m\u00e9dicale le weekend et les jours f\u00e9ri\u00e9s et que vos probl\u00e8mes m\u00e9dicaux ne peuvent pas attendre une consultation chez votre m\u00e9decin : \u00a01733 Vous y trouverez \u00e9galement les coordonn\u00e9es des m\u00e9decins g\u00e9n\u00e9ralistes de garde dans votre secteur. Garde de JOUR les\u00a0week-ends et jours f\u00e9ri\u00e9s [&hellip;]<\/p>\n","protected":false},"author":1,"featured_media":10651,"parent":9474,"menu_order":0,"comment_status":"closed","ping_status":"closed","template":"","meta":{"_themeisle_gutenberg_block_has_review":false,"footnotes":""},"class_list":["post-9490","page","type-page","status-publish","has-post-thumbnail","hentry"],"jetpack_sharing_enabled":true,"_links":{"self":[{"href":"https:\/\/www.pharmacie-guillaume.be\/index.php\/wp-json\/wp\/v2\/pages\/9490","targetHints":{"allow":["GET"]}}],"collection":[{"href":"https:\/\/www.pharmacie-guillaume.be\/index.php\/wp-json\/wp\/v2\/pages"}],"about":[{"href":"https:\/\/www.pharmacie-guillaume.be\/index.php\/wp-json\/wp\/v2\/types\/page"}],"author":[{"embeddable":true,"href":"https:\/\/www.pharmacie-guillaume.be\/index.php\/wp-json\/wp\/v2\/users\/1"}],"replies":[{"embeddable":true,"href":"https:\/\/www.pharmacie-guillaume.be\/index.php\/wp-json\/wp\/v2\/comments?post=9490"}],"version-history":[{"count":14,"href":"https:\/\/www.pharmacie-guillaume.be\/index.php\/wp-json\/wp\/v2\/pages\/9490\/revisions"}],"predecessor-version":[{"id":10932,"href":"https:\/\/www.pharmacie-guillaume.be\/index.php\/wp-json\/wp\/v2\/pages\/9490\/revisions\/10932"}],"up":[{"embeddable":true,"href":"https:\/\/www.pharmacie-guillaume.be\/index.php\/wp-json\/wp\/v2\/pages\/9474"}],"wp:featuredmedia":[{"embeddable":true,"href":"https:\/\/www.pharmacie-guillaume.be\/index.php\/wp-json\/wp\/v2\/media\/10651"}],"wp:attachment":[{"href":"https:\/\/www.pharmacie-guillaume.be\/index.php\/wp-json\/wp\/v2\/media?parent=9490"}],"curies":[{"name":"wp","href":"https:\/\/api.w.org\/{rel}","templated":true}]}}