{"id":6397,"date":"2024-06-28T20:04:19","date_gmt":"2024-06-28T18:04:19","guid":{"rendered":"http:\/\/export-xml.qreativethemes.com\/physio\/?page_id=6397"},"modified":"2024-09-17T14:00:01","modified_gmt":"2024-09-17T12:00:01","slug":"clinical-pilates","status":"publish","type":"page","link":"https:\/\/www.pharmacie-guillaume.be\/index.php\/services\/clinical-pilates\/","title":{"rendered":"Avantages mutuelles"},"content":{"rendered":"<div id=\"pl-6397\"  class=\"panel-layout\" ><div id=\"pg-6397-0\"  class=\"panel-grid panel-no-style\" ><div id=\"pgc-6397-0-0\"  class=\"panel-grid-cell\" ><div id=\"panel-6397-0-0-0\" class=\"so-panel widget widget_sow-editor panel-first-child panel-last-child\" data-index=\"0\" ><div\n\t\t\t\n\t\t\tclass=\"so-widget-sow-editor so-widget-sow-editor-base\"\n\t\t\t\n\t\t>\n<div class=\"siteorigin-widget-tinymce textwidget\">\n\t<p><img loading=\"lazy\" decoding=\"async\" class=\"size-medium wp-image-8329 alignleft\" src=\"https:\/\/testpharmacieparvais.mimaandcs.be\/wp-content\/uploads\/2020\/03\/AdobeStock_260320351_Preview-300x169.jpeg\" alt=\"\" width=\"300\" height=\"169\" \/><strong>Votre mutuelle vous propose peut-\u00eatre des remboursements compl\u00e9mentaires pour les vaccins, la contraception, les m\u00e9dicaments g\u00e9n\u00e9riques, l'hom\u00e9opathie ...<\/strong><\/p>\n<p>N'h\u00e9sitez pas \u00e0 nous r\u00e9clamer les re\u00e7us n\u00e9cessaires pour pouvoir b\u00e9n\u00e9ficier des avantages octroy\u00e9s par votre mutuelle.<\/p>\n<p><a title=\"\" href=\"http:\/\/www.inami.fgov.be\/fr\/professionnels\/autres\/mutualites\/Pages\/contactez-mutualites.aspx\" target=\"_blank\" rel=\"external noopener\">Pour joindre votre mutuelle, cliquez ici!<\/a><\/p>\n<p>&nbsp;<\/p>\n<\/div>\n<\/div><\/div><\/div><\/div><div id=\"pg-6397-1\"  class=\"panel-grid panel-no-style\" ><div id=\"pgc-6397-1-0\"  class=\"panel-grid-cell panel-grid-cell-empty panel-grid-cell-mobile-last\" ><\/div><div id=\"pgc-6397-1-1\"  class=\"panel-grid-cell panel-grid-cell-empty\" ><\/div><\/div><div id=\"pg-6397-2\"  class=\"panel-grid panel-no-style\" ><div id=\"pgc-6397-2-0\"  class=\"panel-grid-cell panel-grid-cell-empty panel-grid-cell-mobile-last\" ><\/div><div id=\"pgc-6397-2-1\"  class=\"panel-grid-cell panel-grid-cell-empty\" ><\/div><\/div><\/div>","protected":false},"excerpt":{"rendered":"<p>Votre mutuelle vous propose peut-\u00eatre des remboursements compl\u00e9mentaires pour les vaccins, la contraception, les m\u00e9dicaments g\u00e9n\u00e9riques, l&#8217;hom\u00e9opathie &#8230; N&#8217;h\u00e9sitez pas \u00e0 nous r\u00e9clamer les re\u00e7us n\u00e9cessaires pour pouvoir b\u00e9n\u00e9ficier des avantages octroy\u00e9s par votre mutuelle. Pour joindre votre mutuelle, cliquez ici! &nbsp;<\/p>\n","protected":false},"author":1,"featured_media":10663,"parent":110,"menu_order":0,"comment_status":"closed","ping_status":"closed","template":"","meta":{"_themeisle_gutenberg_block_has_review":false,"footnotes":""},"class_list":["post-6397","page","type-page","status-publish","has-post-thumbnail","hentry"],"jetpack_sharing_enabled":true,"_links":{"self":[{"href":"https:\/\/www.pharmacie-guillaume.be\/index.php\/wp-json\/wp\/v2\/pages\/6397","targetHints":{"allow":["GET"]}}],"collection":[{"href":"https:\/\/www.pharmacie-guillaume.be\/index.php\/wp-json\/wp\/v2\/pages"}],"about":[{"href":"https:\/\/www.pharmacie-guillaume.be\/index.php\/wp-json\/wp\/v2\/types\/page"}],"author":[{"embeddable":true,"href":"https:\/\/www.pharmacie-guillaume.be\/index.php\/wp-json\/wp\/v2\/users\/1"}],"replies":[{"embeddable":true,"href":"https:\/\/www.pharmacie-guillaume.be\/index.php\/wp-json\/wp\/v2\/comments?post=6397"}],"version-history":[{"count":2,"href":"https:\/\/www.pharmacie-guillaume.be\/index.php\/wp-json\/wp\/v2\/pages\/6397\/revisions"}],"predecessor-version":[{"id":10697,"href":"https:\/\/www.pharmacie-guillaume.be\/index.php\/wp-json\/wp\/v2\/pages\/6397\/revisions\/10697"}],"up":[{"embeddable":true,"href":"https:\/\/www.pharmacie-guillaume.be\/index.php\/wp-json\/wp\/v2\/pages\/110"}],"wp:featuredmedia":[{"embeddable":true,"href":"https:\/\/www.pharmacie-guillaume.be\/index.php\/wp-json\/wp\/v2\/media\/10663"}],"wp:attachment":[{"href":"https:\/\/www.pharmacie-guillaume.be\/index.php\/wp-json\/wp\/v2\/media?parent=6397"}],"curies":[{"name":"wp","href":"https:\/\/api.w.org\/{rel}","templated":true}]}}