{"id":11538,"date":"2025-11-23T19:52:27","date_gmt":"2025-11-23T18:52:27","guid":{"rendered":"https:\/\/www.pharmacie-guillaume.be\/?page_id=11538"},"modified":"2026-03-26T11:37:49","modified_gmt":"2026-03-26T10:37:49","slug":"systeme-digestif-et-urinaire","status":"publish","type":"page","link":"https:\/\/www.pharmacie-guillaume.be\/index.php\/promos-temporaires-et-ristournes\/systeme-digestif-et-urinaire\/","title":{"rendered":"Syst\u00e8me digestif et urinaire"},"content":{"rendered":"<div id=\"pl-11538\"  class=\"panel-layout\" ><div id=\"pg-11538-0\"  class=\"panel-grid panel-no-style\" ><div id=\"pgc-11538-0-0\"  class=\"panel-grid-cell\" ><div id=\"panel-11538-0-0-0\" class=\"so-panel widget widget_sow-editor panel-first-child panel-last-child\" data-index=\"0\" ><div\n\t\t\t\n\t\t\tclass=\"so-widget-sow-editor so-widget-sow-editor-base\"\n\t\t\t\n\t\t>\n<div class=\"siteorigin-widget-tinymce textwidget\">\n\t<p><span style=\"text-decoration: underline\"><span style=\"font-size: 18px\"><strong>SYSTEME DIGESTIF ET URINAIRE<\/strong><\/span><\/span><\/p>\n<p><span style=\"text-decoration: underline\"><em><span style=\"font-size: 16px\"><span style=\"font-size: 18px\"><strong>POUR L'ESTOMAC<\/strong><\/span><\/span><\/em><\/span><\/p>\n<p><span style=\"font-size: 16px\"><span style=\"font-size: 18px\"><strong>Refluthin<\/strong> : aux extraits naturels de figuier de Barbarie ; carbonate de calcium et de magn\u00e9sium<\/span><br \/>\n<\/span><\/p>\n<p><span style=\"font-size: 16px\"><span style=\"font-size: 18px\">Pour les br\u00fblures d'estomac : neutralisation de l'acidit\u00e9 gastrique et d\u00e9p\u00f4t d'un film protecteur sur les muqueuses gastro-\u0153sophagiennes<\/span><\/span><\/p>\n<p><img loading=\"lazy\" decoding=\"async\" class=\"alignnone size-medium wp-image-11611\" src=\"https:\/\/www.pharmacie-guillaume.be\/wp-content\/uploads\/2026\/02\/Reflutin-300x192.jpg\" alt=\"\" width=\"300\" height=\"192\" srcset=\"https:\/\/www.pharmacie-guillaume.be\/wp-content\/uploads\/2026\/02\/Reflutin-300x192.jpg 300w, https:\/\/www.pharmacie-guillaume.be\/wp-content\/uploads\/2026\/02\/Reflutin-1024x654.jpg 1024w, https:\/\/www.pharmacie-guillaume.be\/wp-content\/uploads\/2026\/02\/Reflutin-768x491.jpg 768w, https:\/\/www.pharmacie-guillaume.be\/wp-content\/uploads\/2026\/02\/Reflutin-600x383.jpg 600w, https:\/\/www.pharmacie-guillaume.be\/wp-content\/uploads\/2026\/02\/Reflutin.jpg 1066w\" sizes=\"auto, (max-width: 300px) 100vw, 300px\" \/><\/p>\n<p>_______________________________________________<\/p>\n<p><span style=\"font-size: 16px\"><span style=\"font-size: 18px\"><strong>STOMALEX (Symbiosys)<\/strong> : aux extraits de racines de gingembre et nouvelle g\u00e9n\u00e9ration de souches Bacillus<\/span><br \/>\n<\/span><\/p>\n<p><span style=\"font-size: 16px\"><span style=\"font-size: 18px\">Contribue au bon fonctionnement gastrique<\/span><\/span><\/p>\n<p><img loading=\"lazy\" decoding=\"async\" class=\"alignnone wp-image-11612\" src=\"https:\/\/www.pharmacie-guillaume.be\/wp-content\/uploads\/2026\/02\/Symbiosys-Stomalex-289x300.jpg\" alt=\"\" width=\"249\" height=\"258\" srcset=\"https:\/\/www.pharmacie-guillaume.be\/wp-content\/uploads\/2026\/02\/Symbiosys-Stomalex-289x300.jpg 289w, https:\/\/www.pharmacie-guillaume.be\/wp-content\/uploads\/2026\/02\/Symbiosys-Stomalex.jpg 694w, https:\/\/www.pharmacie-guillaume.be\/wp-content\/uploads\/2026\/02\/Symbiosys-Stomalex-600x622.jpg 600w\" sizes=\"auto, (max-width: 249px) 100vw, 249px\" \/><\/p>\n<p>_______________________________________________<\/p>\n<p><span style=\"font-size: 16px\"><span style=\"font-size: 18px\"><strong>Digest Protect<\/strong>\u00a0: aux huiles essentielles 100% pures et naturelles de citron et de cumin<\/span><br \/>\n<\/span><\/p>\n<p><span style=\"font-size: 16px\"><span style=\"font-size: 18px\">Aide \u00e0 sout<\/span><\/span><span style=\"font-size: 18px\">enir les flux de sucs digestifs<\/span><\/p>\n<p><img loading=\"lazy\" decoding=\"async\" class=\"alignnone size-medium wp-image-11613\" src=\"https:\/\/www.pharmacie-guillaume.be\/wp-content\/uploads\/2026\/02\/Pranarom-Digest-Protect-300x192.jpg\" alt=\"\" width=\"300\" height=\"192\" srcset=\"https:\/\/www.pharmacie-guillaume.be\/wp-content\/uploads\/2026\/02\/Pranarom-Digest-Protect-300x192.jpg 300w, https:\/\/www.pharmacie-guillaume.be\/wp-content\/uploads\/2026\/02\/Pranarom-Digest-Protect-1024x655.jpg 1024w, https:\/\/www.pharmacie-guillaume.be\/wp-content\/uploads\/2026\/02\/Pranarom-Digest-Protect-768x491.jpg 768w, https:\/\/www.pharmacie-guillaume.be\/wp-content\/uploads\/2026\/02\/Pranarom-Digest-Protect-600x384.jpg 600w, https:\/\/www.pharmacie-guillaume.be\/wp-content\/uploads\/2026\/02\/Pranarom-Digest-Protect.jpg 1126w\" sizes=\"auto, (max-width: 300px) 100vw, 300px\" \/><\/p>\n<p>_______________________________________________<\/p>\n<p><span style=\"text-decoration: underline\"><em><span style=\"font-size: 16px\"><span style=\"font-size: 18px\"><strong>POUR LES INTESTINS<\/strong><\/span><\/span><\/em><\/span><\/p>\n<p><span style=\"font-size: 16px\"><span style=\"font-size: 18px\"><strong>Fruits &amp; Fibres (ORTIS)<\/strong>\u00a0<\/span><\/span><\/p>\n<p><span style=\"font-size: 16px\"><span style=\"font-size: 18px\">REGULAR : riche en fibres ; \u00e0 base d'acacia, figues et tamarin ; f<\/span><\/span><span style=\"font-size: 16px\"><span style=\"font-size: 18px\">avorise le transit intestinal par un effet de lest<br \/>\nFORTE : riche en fibres ; \u00e0 base de carvi, tamarin et figues ; favorise un bon transit intestinal et aide en cas de ballonnements<\/span><\/span><\/p>\n<p><img loading=\"lazy\" decoding=\"async\" class=\"alignnone size-medium wp-image-11614\" src=\"https:\/\/www.pharmacie-guillaume.be\/wp-content\/uploads\/2026\/02\/Ortis-Fruits-Fibres-24-cubes-300x220.jpg\" alt=\"\" width=\"300\" height=\"220\" srcset=\"https:\/\/www.pharmacie-guillaume.be\/wp-content\/uploads\/2026\/02\/Ortis-Fruits-Fibres-24-cubes-300x220.jpg 300w, https:\/\/www.pharmacie-guillaume.be\/wp-content\/uploads\/2026\/02\/Ortis-Fruits-Fibres-24-cubes-768x562.jpg 768w, https:\/\/www.pharmacie-guillaume.be\/wp-content\/uploads\/2026\/02\/Ortis-Fruits-Fibres-24-cubes-600x439.jpg 600w, https:\/\/www.pharmacie-guillaume.be\/wp-content\/uploads\/2026\/02\/Ortis-Fruits-Fibres-24-cubes.jpg 906w\" sizes=\"auto, (max-width: 300px) 100vw, 300px\" \/>\u00a0 <img loading=\"lazy\" decoding=\"async\" class=\"alignnone size-medium wp-image-11615\" src=\"https:\/\/www.pharmacie-guillaume.be\/wp-content\/uploads\/2026\/02\/Ortis-Fruits-Fibres-Regular-et-Forte-300x191.jpg\" alt=\"\" width=\"300\" height=\"191\" srcset=\"https:\/\/www.pharmacie-guillaume.be\/wp-content\/uploads\/2026\/02\/Ortis-Fruits-Fibres-Regular-et-Forte-300x191.jpg 300w, https:\/\/www.pharmacie-guillaume.be\/wp-content\/uploads\/2026\/02\/Ortis-Fruits-Fibres-Regular-et-Forte-1024x651.jpg 1024w, https:\/\/www.pharmacie-guillaume.be\/wp-content\/uploads\/2026\/02\/Ortis-Fruits-Fibres-Regular-et-Forte-768x488.jpg 768w, https:\/\/www.pharmacie-guillaume.be\/wp-content\/uploads\/2026\/02\/Ortis-Fruits-Fibres-Regular-et-Forte-600x382.jpg 600w, https:\/\/www.pharmacie-guillaume.be\/wp-content\/uploads\/2026\/02\/Ortis-Fruits-Fibres-Regular-et-Forte.jpg 1126w\" sizes=\"auto, (max-width: 300px) 100vw, 300px\" \/><\/p>\n<p><span style=\"font-size: 16px\"><span style=\"font-size: 18px\">INTESTINORM : synergie unique de 3 souches de lactobacillus, et \u00e0 base de salicaire, myrtille et camomille ; aide \u00e0 maintenir des selles consistantes<\/span><\/span><\/p>\n<p><img loading=\"lazy\" decoding=\"async\" class=\"alignnone wp-image-11616\" src=\"https:\/\/www.pharmacie-guillaume.be\/wp-content\/uploads\/2026\/02\/Ortis-Intestinorm-253x300.jpg\" alt=\"\" width=\"213\" height=\"253\" srcset=\"https:\/\/www.pharmacie-guillaume.be\/wp-content\/uploads\/2026\/02\/Ortis-Intestinorm-253x300.jpg 253w, https:\/\/www.pharmacie-guillaume.be\/wp-content\/uploads\/2026\/02\/Ortis-Intestinorm-600x712.jpg 600w, https:\/\/www.pharmacie-guillaume.be\/wp-content\/uploads\/2026\/02\/Ortis-Intestinorm.jpg 607w\" sizes=\"auto, (max-width: 213px) 100vw, 213px\" \/><\/p>\n<p>_______________________________________________<\/p>\n<p><span style=\"font-size: 16px\"><span style=\"font-size: 18px\"><strong>Pranarom <\/strong>\u00a0<\/span><\/span><\/p>\n<p><span style=\"font-size: 16px\"><span style=\"font-size: 18px\"><strong>Digest Transit<\/strong> : riche en fibres, \u00e0 l'huile essentielle 100% pure et naturelle de gingembre, enrichi en Psyllium ; contribue \u00e0 la fluidit\u00e9 des selles<\/span><\/span><span style=\"font-size: 16px\"><span style=\"font-size: 18px\"><br \/>\n<strong>Digest\u00a0 Stop<\/strong> : aux huiles essentielles 100% pures et naturelles de carvi et anis \u00e9toil\u00e9 ; enrichi en Psyllium et charbon actif v\u00e9g\u00e9tal ; aide \u00e0 normaliser la fr\u00e9quence des selles<\/span><\/span><\/p>\n<p><img loading=\"lazy\" decoding=\"async\" class=\"alignnone wp-image-11617\" src=\"https:\/\/www.pharmacie-guillaume.be\/wp-content\/uploads\/2026\/02\/Pranarom-Digest-Transit-278x300.jpg\" alt=\"\" width=\"218\" height=\"236\" srcset=\"https:\/\/www.pharmacie-guillaume.be\/wp-content\/uploads\/2026\/02\/Pranarom-Digest-Transit-278x300.jpg 278w, https:\/\/www.pharmacie-guillaume.be\/wp-content\/uploads\/2026\/02\/Pranarom-Digest-Transit-600x649.jpg 600w, https:\/\/www.pharmacie-guillaume.be\/wp-content\/uploads\/2026\/02\/Pranarom-Digest-Transit.jpg 666w\" sizes=\"auto, (max-width: 218px) 100vw, 218px\" \/>\u00a0 <img loading=\"lazy\" decoding=\"async\" class=\"alignnone size-medium wp-image-11618\" src=\"https:\/\/www.pharmacie-guillaume.be\/wp-content\/uploads\/2026\/02\/Pranarom-Digest-Stop-300x176.jpg\" alt=\"\" width=\"300\" height=\"176\" srcset=\"https:\/\/www.pharmacie-guillaume.be\/wp-content\/uploads\/2026\/02\/Pranarom-Digest-Stop-300x176.jpg 300w, https:\/\/www.pharmacie-guillaume.be\/wp-content\/uploads\/2026\/02\/Pranarom-Digest-Stop-1024x600.jpg 1024w, https:\/\/www.pharmacie-guillaume.be\/wp-content\/uploads\/2026\/02\/Pranarom-Digest-Stop-768x450.jpg 768w, https:\/\/www.pharmacie-guillaume.be\/wp-content\/uploads\/2026\/02\/Pranarom-Digest-Stop-600x352.jpg 600w, https:\/\/www.pharmacie-guillaume.be\/wp-content\/uploads\/2026\/02\/Pranarom-Digest-Stop.jpg 1089w\" sizes=\"auto, (max-width: 300px) 100vw, 300px\" \/><\/p>\n<p>_______________________________________________<\/p>\n<p><span style=\"font-size: 16px\"><span style=\"font-size: 18px\"><strong>Fit-O-Trans Forte<\/strong> : aux extraits secs de rhubarbe, d'artichaut, de fenouil et de can\u00e9ficier<\/span><br \/>\n<\/span><\/p>\n<p><span style=\"font-size: 16px\"><span style=\"font-size: 18px\">Soutient<\/span><\/span><span style=\"font-size: 18px\"> le transit et la flore intestinale<\/span><\/p>\n<p><img loading=\"lazy\" decoding=\"async\" class=\"alignnone size-medium wp-image-11619\" src=\"https:\/\/www.pharmacie-guillaume.be\/wp-content\/uploads\/2026\/02\/Fit-O-Trans-Forte-300x187.jpg\" alt=\"\" width=\"300\" height=\"187\" srcset=\"https:\/\/www.pharmacie-guillaume.be\/wp-content\/uploads\/2026\/02\/Fit-O-Trans-Forte-300x187.jpg 300w, https:\/\/www.pharmacie-guillaume.be\/wp-content\/uploads\/2026\/02\/Fit-O-Trans-Forte-768x478.jpg 768w, https:\/\/www.pharmacie-guillaume.be\/wp-content\/uploads\/2026\/02\/Fit-O-Trans-Forte-600x374.jpg 600w, https:\/\/www.pharmacie-guillaume.be\/wp-content\/uploads\/2026\/02\/Fit-O-Trans-Forte.jpg 1016w\" sizes=\"auto, (max-width: 300px) 100vw, 300px\" \/><\/p>\n<p>_______________________________________________<\/p>\n<p><span style=\"font-size: 16px\"><span style=\"font-size: 18px\"><strong>Alflorex (Symbiosys)<\/strong> : \u00e0 base de carbonate de calcium, d'amidon de ma\u00efs, Bifidobacterium Longum et sels de magn\u00e9sium<\/span><br \/>\n<\/span><\/p>\n<p><span style=\"font-size: 18px\">Contribue au confort intestinal<\/span><\/p>\n<p><img loading=\"lazy\" decoding=\"async\" class=\"alignnone wp-image-11620\" src=\"https:\/\/www.pharmacie-guillaume.be\/wp-content\/uploads\/2026\/02\/Symbiosys-Alflorex-300x279.jpg\" alt=\"\" width=\"250\" height=\"233\" srcset=\"https:\/\/www.pharmacie-guillaume.be\/wp-content\/uploads\/2026\/02\/Symbiosys-Alflorex-300x279.jpg 300w, https:\/\/www.pharmacie-guillaume.be\/wp-content\/uploads\/2026\/02\/Symbiosys-Alflorex-600x558.jpg 600w, https:\/\/www.pharmacie-guillaume.be\/wp-content\/uploads\/2026\/02\/Symbiosys-Alflorex.jpg 674w\" sizes=\"auto, (max-width: 250px) 100vw, 250px\" \/><\/p>\n<p>_______________________________________________<\/p>\n<p><span style=\"font-size: 16px\"><span style=\"font-size: 18px\"><strong>Bactiol Plus (Metagenics)<\/strong> : contient des vitamines A et D, ainsi qu'un m\u00e9lange de souches des bact\u00e9ries L. acidophilus et B. lactis<\/span><br \/>\n<\/span><\/p>\n<p><span style=\"font-size: 18px\">Contribue au maintien de muqueuses intestinales normales et soutient les d\u00e9fenses naturelles<\/span><\/p>\n<p><img loading=\"lazy\" decoding=\"async\" class=\"alignnone size-medium wp-image-11621\" src=\"https:\/\/www.pharmacie-guillaume.be\/wp-content\/uploads\/2026\/02\/Bactiol-Plus-300x165.jpg\" alt=\"\" width=\"300\" height=\"165\" srcset=\"https:\/\/www.pharmacie-guillaume.be\/wp-content\/uploads\/2026\/02\/Bactiol-Plus-300x165.jpg 300w, https:\/\/www.pharmacie-guillaume.be\/wp-content\/uploads\/2026\/02\/Bactiol-Plus-1024x562.jpg 1024w, https:\/\/www.pharmacie-guillaume.be\/wp-content\/uploads\/2026\/02\/Bactiol-Plus-768x421.jpg 768w, https:\/\/www.pharmacie-guillaume.be\/wp-content\/uploads\/2026\/02\/Bactiol-Plus-600x329.jpg 600w, https:\/\/www.pharmacie-guillaume.be\/wp-content\/uploads\/2026\/02\/Bactiol-Plus.jpg 1123w\" sizes=\"auto, (max-width: 300px) 100vw, 300px\" \/><\/p>\n<p>_______________________________________________<\/p>\n<p><span style=\"font-size: 16px\"><span style=\"font-size: 18px\"><strong>Bactecal Liquid (Astel Medica)<\/strong> : contient un m\u00e9lange de souches des bact\u00e9ries L. acidophilus, B. lactis, L. rhamnosus, S. thermophilus et B. infantis<\/span><br \/>\n<\/span><\/p>\n<p><span style=\"font-size: 18px\">Optimise le syst\u00e8me immunitaire et contribue au maintien des d\u00e9fenses naturelles<\/span><\/p>\n<p><img loading=\"lazy\" decoding=\"async\" class=\"alignnone wp-image-11622\" src=\"https:\/\/www.pharmacie-guillaume.be\/wp-content\/uploads\/2026\/02\/Bactecal-Liquid-235x300.jpg\" alt=\"\" width=\"195\" height=\"249\" srcset=\"https:\/\/www.pharmacie-guillaume.be\/wp-content\/uploads\/2026\/02\/Bactecal-Liquid-235x300.jpg 235w, https:\/\/www.pharmacie-guillaume.be\/wp-content\/uploads\/2026\/02\/Bactecal-Liquid.jpg 563w\" sizes=\"auto, (max-width: 195px) 100vw, 195px\" \/><\/p>\n<p>_______________________________________________<\/p>\n<p><span style=\"font-size: 16px\"><b>UPSA<\/b><\/span><\/p>\n<p><span style=\"font-size: 18px\"><strong>Digest Comfort<\/strong> : \u00e0 base de citrate de b\u00e9ta\u00efne, de plantes et complexes d'enzymes ; aide \u00e0 la digestion et en cas de ballonnement et de gaz, et contribue au confort intestinal<br \/>\n<strong>Digest Forte<\/strong> : \u00e0 base de citrate de b\u00e9ta\u00efne et de calcium ; aide \u00e0 la digestion apr\u00e8s un repas copieux et\/ou consommation d'alcool<\/span><\/p>\n<p><img loading=\"lazy\" decoding=\"async\" class=\"alignnone size-medium wp-image-11623\" src=\"https:\/\/www.pharmacie-guillaume.be\/wp-content\/uploads\/2026\/02\/UPSA-Digest-300x253.jpg\" alt=\"\" width=\"300\" height=\"253\" srcset=\"https:\/\/www.pharmacie-guillaume.be\/wp-content\/uploads\/2026\/02\/UPSA-Digest-300x253.jpg 300w, https:\/\/www.pharmacie-guillaume.be\/wp-content\/uploads\/2026\/02\/UPSA-Digest-768x647.jpg 768w, https:\/\/www.pharmacie-guillaume.be\/wp-content\/uploads\/2026\/02\/UPSA-Digest-600x505.jpg 600w, https:\/\/www.pharmacie-guillaume.be\/wp-content\/uploads\/2026\/02\/UPSA-Digest.jpg 855w\" sizes=\"auto, (max-width: 300px) 100vw, 300px\" \/><\/p>\n<p>_______________________________________________<\/p>\n<\/div>\n<\/div><\/div><\/div><\/div><\/div>","protected":false},"excerpt":{"rendered":"<p>SYSTEME DIGESTIF ET URINAIRE POUR L&#8217;ESTOMAC Refluthin : aux extraits naturels de figuier de Barbarie ; carbonate de calcium et de magn\u00e9sium Pour les br\u00fblures d&#8217;estomac : neutralisation de l&#8217;acidit\u00e9 gastrique et d\u00e9p\u00f4t d&#8217;un film protecteur sur les muqueuses gastro-\u0153sophagiennes _______________________________________________ STOMALEX (Symbiosys) : aux extraits de racines de gingembre et nouvelle g\u00e9n\u00e9ration de souches [&hellip;]<\/p>\n","protected":false},"author":14,"featured_media":0,"parent":10346,"menu_order":0,"comment_status":"closed","ping_status":"closed","template":"","meta":{"_themeisle_gutenberg_block_has_review":false,"footnotes":""},"class_list":["post-11538","page","type-page","status-publish","hentry"],"jetpack_sharing_enabled":true,"_links":{"self":[{"href":"https:\/\/www.pharmacie-guillaume.be\/index.php\/wp-json\/wp\/v2\/pages\/11538","targetHints":{"allow":["GET"]}}],"collection":[{"href":"https:\/\/www.pharmacie-guillaume.be\/index.php\/wp-json\/wp\/v2\/pages"}],"about":[{"href":"https:\/\/www.pharmacie-guillaume.be\/index.php\/wp-json\/wp\/v2\/types\/page"}],"author":[{"embeddable":true,"href":"https:\/\/www.pharmacie-guillaume.be\/index.php\/wp-json\/wp\/v2\/users\/14"}],"replies":[{"embeddable":true,"href":"https:\/\/www.pharmacie-guillaume.be\/index.php\/wp-json\/wp\/v2\/comments?post=11538"}],"version-history":[{"count":7,"href":"https:\/\/www.pharmacie-guillaume.be\/index.php\/wp-json\/wp\/v2\/pages\/11538\/revisions"}],"predecessor-version":[{"id":11630,"href":"https:\/\/www.pharmacie-guillaume.be\/index.php\/wp-json\/wp\/v2\/pages\/11538\/revisions\/11630"}],"up":[{"embeddable":true,"href":"https:\/\/www.pharmacie-guillaume.be\/index.php\/wp-json\/wp\/v2\/pages\/10346"}],"wp:attachment":[{"href":"https:\/\/www.pharmacie-guillaume.be\/index.php\/wp-json\/wp\/v2\/media?parent=11538"}],"curies":[{"name":"wp","href":"https:\/\/api.w.org\/{rel}","templated":true}]}}