{"id":10314,"date":"2024-04-29T09:44:40","date_gmt":"2024-04-29T07:44:40","guid":{"rendered":"https:\/\/www.pharmacie-guillaume.be\/?page_id=10314"},"modified":"2024-09-17T14:11:18","modified_gmt":"2024-09-17T12:11:18","slug":"nos-trousses","status":"publish","type":"page","link":"https:\/\/www.pharmacie-guillaume.be\/index.php\/services\/nos-trousses\/","title":{"rendered":"Nos trousses"},"content":{"rendered":"<div id=\"pl-10314\"  class=\"panel-layout\" ><div id=\"pg-10314-0\"  class=\"panel-grid panel-no-style\" ><div id=\"pgc-10314-0-0\"  class=\"panel-grid-cell\" ><div id=\"panel-10314-0-0-0\" class=\"so-panel widget widget_sow-editor panel-first-child panel-last-child\" data-index=\"0\" ><div\n\t\t\t\n\t\t\tclass=\"so-widget-sow-editor so-widget-sow-editor-base\"\n\t\t\t\n\t\t>\n<div class=\"siteorigin-widget-tinymce textwidget\">\n\t<p><strong>Nous vous guidons au mieux dans l'\u00e9laboration de vos trousses pharmaceutiques vacances \"\u00e9t\u00e9\" \/ \"hiver\", votre trousse \"maternit\u00e9\" ou pour vous permettre de g\u00e9rer au mieux votre pharmacie familiale.<\/strong><\/p>\n<p>Nous vous donnerons des conseils scientifiques avis\u00e9s, \u00e9tay\u00e9s par nos exp\u00e9riences personnelles de voyage.<\/p>\n<p>N'h\u00e9sitez pas \u00e0 nous contacter...<\/p>\n<p><a href=\"https:\/\/www.pharmacie-guillaume.be\/index.php\/contactez-nous\/\"><img loading=\"lazy\" decoding=\"async\" class=\"alignnone wp-image-10699\" src=\"https:\/\/testpharmacieguillaume.mimaandcs.be\/wp-content\/uploads\/2024\/06\/AdobeStock_33637810-150x150.jpeg\" alt=\"\" width=\"95\" height=\"95\" srcset=\"https:\/\/www.pharmacie-guillaume.be\/wp-content\/uploads\/2024\/06\/AdobeStock_33637810-150x150.jpeg 150w, https:\/\/www.pharmacie-guillaume.be\/wp-content\/uploads\/2024\/06\/AdobeStock_33637810-300x300.jpeg 300w, https:\/\/www.pharmacie-guillaume.be\/wp-content\/uploads\/2024\/06\/AdobeStock_33637810-100x100.jpeg 100w\" sizes=\"auto, (max-width: 95px) 100vw, 95px\" \/><\/a><\/p>\n<\/div>\n<\/div><\/div><\/div><\/div><\/div>","protected":false},"excerpt":{"rendered":"<p>Nous vous guidons au mieux dans l&#8217;\u00e9laboration de vos trousses pharmaceutiques vacances &#8220;\u00e9t\u00e9&#8221; \/ &#8220;hiver&#8221;, votre trousse &#8220;maternit\u00e9&#8221; ou pour vous permettre de g\u00e9rer au mieux votre pharmacie familiale. Nous vous donnerons des conseils scientifiques avis\u00e9s, \u00e9tay\u00e9s par nos exp\u00e9riences personnelles de voyage. N&#8217;h\u00e9sitez pas \u00e0 nous contacter&#8230;<\/p>\n","protected":false},"author":1,"featured_media":10660,"parent":110,"menu_order":0,"comment_status":"closed","ping_status":"closed","template":"","meta":{"_themeisle_gutenberg_block_has_review":false,"footnotes":""},"class_list":["post-10314","page","type-page","status-publish","has-post-thumbnail","hentry"],"jetpack_sharing_enabled":true,"_links":{"self":[{"href":"https:\/\/www.pharmacie-guillaume.be\/index.php\/wp-json\/wp\/v2\/pages\/10314","targetHints":{"allow":["GET"]}}],"collection":[{"href":"https:\/\/www.pharmacie-guillaume.be\/index.php\/wp-json\/wp\/v2\/pages"}],"about":[{"href":"https:\/\/www.pharmacie-guillaume.be\/index.php\/wp-json\/wp\/v2\/types\/page"}],"author":[{"embeddable":true,"href":"https:\/\/www.pharmacie-guillaume.be\/index.php\/wp-json\/wp\/v2\/users\/1"}],"replies":[{"embeddable":true,"href":"https:\/\/www.pharmacie-guillaume.be\/index.php\/wp-json\/wp\/v2\/comments?post=10314"}],"version-history":[{"count":6,"href":"https:\/\/www.pharmacie-guillaume.be\/index.php\/wp-json\/wp\/v2\/pages\/10314\/revisions"}],"predecessor-version":[{"id":10919,"href":"https:\/\/www.pharmacie-guillaume.be\/index.php\/wp-json\/wp\/v2\/pages\/10314\/revisions\/10919"}],"up":[{"embeddable":true,"href":"https:\/\/www.pharmacie-guillaume.be\/index.php\/wp-json\/wp\/v2\/pages\/110"}],"wp:featuredmedia":[{"embeddable":true,"href":"https:\/\/www.pharmacie-guillaume.be\/index.php\/wp-json\/wp\/v2\/media\/10660"}],"wp:attachment":[{"href":"https:\/\/www.pharmacie-guillaume.be\/index.php\/wp-json\/wp\/v2\/media?parent=10314"}],"curies":[{"name":"wp","href":"https:\/\/api.w.org\/{rel}","templated":true}]}}